 is z(-6)?
-7
Let w(h) = -1. Let l(x) = -x - 1. Suppose 36 = -7*g + 22. Let a(v) = g*w(v) + 3*l(v). Let k be ((-6)/4)/(1/2). Give a(k).
8
Let b(j) = 3*j + 6. Let x = 21 + -11. Let c = x + -18. Let w = 4 + c. Give b(w).
-6
Let n(a) be the third derivative of a**5/6 - a**4/24 + 17*a**3/6 - 19*a**2. Let v(j) be the first derivative of n(j). Give v(1).
19
Let i(j) = j**3 + j - 2. Suppose -4 = -2*s - o, 0 = 3*s - o - 2*o - 24. Suppose -q - s*w + 24 = -3*q, 5*w = 3*q + 32. Let h be (-1*0/q)/1. Calculate i(h).
-2
Suppose -2*n + 20 = j, -6*j + 5 = -3*j - 5*n. Let f = j - 0. Suppose 2*r - 19 = -5*t + 21, 0 = 2*r - f. Let w(o) = o**3 - 6*o**2 - o + 6. Calculate w(t).
0
Let a(u) = u**2 + 7*u + 2. Let g(s) = -s**3 + s + 9. Let m be g(0). Suppose 2*b = -m*d + 4*d - 24, 27 = -5*b + 4*d. Determine a(b).
2
Let u be (2/(-5))/(3 + (-244)/80). Let d(v) = v**3 - 4*v**2 + v - 6. Let c(i) = i**3 - 5*i**2 + i - 7. Let q(t) = -4*c(t) + 3*d(t). What is q(u)?
2
Let t = -132 - -135. Let l(c) = -17*c**3 + 6*c**2 - c**3 + 21*c**t - 6*c - 4*c**3 + 4. Determine l(5).
-1
Let j(d) = d**3 + 5*d**2 - 2*d - 4. Let m = -179 - -174. Give j(m).
6
Suppose -4*a = 4*c + 14 + 54, 3*a + 4*c = -56. Let g(u) = u + 6. Calculate g(a).
-6
Let h(f) = f**3 - 2*f**2 - 2*f + 2. Let s be 1 - 0 - (0 - (7 + -6)). Determine h(s).
-2
Suppose 2*j = -0 - 4. Let r be (0 + j)/(14/(-49)). Let l(p) = -r + p + p - p. Calculate l(0).
-7
Let r(s) = 2 - 5190*s**3 - 5*s**2 - s**2 + 5189*s**3. What is r(-5)?
-23
Let l(u) = -3*u + 2*u - 8*u + 10*u - 7. Give l(4).
-3
Let t(w) = 10*w**2 + w. Let x(h) = -7*h**3 - h**2 + h + 1. Let k be x(-1). Let p = -2 - -5. Let g be ((-2)/k)/(p/9). Give t(g).
9
Let b(r) be the third derivative of r**6/120 - r**5/30 + r**3/2 + 2*r**2 + 8*r. Calculate b(3).
12
Let v(x) = -x**2 + x**3 - 1676*x + 1677*x - x**2. Calculate v(-2).
-18
Suppose -h = 4*o - 2*h - 18, 0 = -o - 3*h + 11. Let w(p) = p**3 - 6*p**2 + 2*p + 11. Give w(o).
-4
Let q(f) = 11*f. Let n(l) = -14*l + 1. Let y(v) = 3*n(v) + 4*q(v). Let c = 10 - 3. Let o = c - 11. Determine y(o).
-5
Let x(k) = 123*k - 110*k + 4*k**2 - k**3 - 1 + 0*k**3. Determine x(6).
5
Let f(p) = -2*p - 6. Let o be f(-4). Let r(s) = -3 + s**o - 27*s + 8*s + 21*s. Calculate r(3).
12
Let u(n) = -n - 4. Let x(b) = -b**3 + 18*b**2 - 12*b - 36. Let j be x(17). Let a be 126/j - (-3)/7. What is u(a)?
-7
Let h(y) = 4*y**3 + 6*y**2 + y - 10. Suppose 5*b = -5*t, 3*t + 0 = -4*b + 4. Let n(m) = -3*m**3 - 5*m**2 - m + 9. Let c(z) = b*h(z) + 5*n(z). Give c(0).
5
Let f be 2 - (12 - 3)*1. Let i = 0 - f. Let h(r) = -2 + 11 - i - r**2. Give h(0).
2
Let w(n) be the first derivative of -n**2/2 + 13*n - 304. Calculate w(15).
-2
Suppose 0 = 2*z - 4*i + 12 + 12, -8 = -2*z - 4*i. Let y(w) be the second derivative of w**3/6 + 3*w**2/2 + 199*w. Calculate y(z).
-1
Let x = -235 - -235. Let t(v) = v**2 + v - 17. Determine t(x).
-17
Let q(m) = -m**2 - 8*m - 1. Suppose -2*c - 5*c = 21. Let o(v) = 8*v + 16. Let j be o(c). Give q(j).
-1
Let r(y) be the second derivative of 5*y**4/3 + y**3/6 + 145*y. What is r(-1)?
19
Let g(d) = 2 + d - 2 + d. Let l be g(-3). Let q(t) be the first derivative of -t**3/3 - 5*t**2/2 + 1. Give q(l).
-6
Let l be -1 + (1 - 2 - -2). Let q(k) be the second derivative of -k**5/120 + k**4/24 - 7*k**3/6 + 9*k. Let m(x) be the second derivative of q(x). What is m(l)?
1
Let h(d) be the third derivative of 17/24*d**4 + 18*d**2 + 0*d + 0 + 1/6*d**3. Determine h(-1).
-16
Let q(h) = h**3 - 1. Let c(s) = s**2 + s. Let b(v) = -v**2 + 4*v - 1. Let l(x) = -b(x) + c(x). Let w be l(1). Determine q(w).
-1
Let m be 1*(5 - 1 - -18). Let r = 28 - m. Suppose 3*j - j - r = 0. Let l(y) = y**3 - 3*y**2 - 3*y + 4. Calculate l(j).
-5
Let d(g) = g**3 - 6*g**2 - 1. Let p be ((-2)/((-4)/(-1)))/(3/36). Let s(q) = -1. Let o(w) = p*s(w) - d(w). Let f = 12 + -6. Calculate o(f).
7
Let k = 29 - 46. Let i = -11 - k. Suppose 0 = l, i*u - 2*u - 4 = -l. Let z(a) = -6*a + 1. Give z(u).
-5
Let p(l) be the third derivative of -l**6/720 - 3*l**4/2 - 24*l**2. Let j(t) be the second derivative of p(t). Calculate j(-6).
6
Let a(s) be the third derivative of s**5/30 + s**4/24 + 88*s**2 - s. Calculate a(-1).
1
Let z(o) = o**3 + 6*o**2 - o. Let p be z(-6). Suppose 5 = p*v - 1. Let n(a) = 7*a**3 - a**2 + 1. Give n(v).
7
Let c(u) be the third derivative of -13*u**2 + 1/60*u**5 + 0 + 0*u - 1/12*u**4 + 1/6*u**3. Give c(2).
1
Let o(j) = 6*j**2 - 1823 + 1834 - 4*j - 5*j**2 - 3*j. Calculate o(4).
-1
Let g(j) = -6*j**3 + 2*j**2 - 1. Let i be g(-1). Let l be ((-6)/4)/(2 + 63/(-30)). Let o(w) = 0 - i*w - w**2 - l + 8. Give o(-5).
3
Let m(q) = 3*q**3 + 43*q**2 + 24*q + 142. Let u be m(-14). Let p(z) = z. Let w(i) = -i**2. Let l(n) = p(n) + w(n). What is l(u)?
-2
Suppose 2*s + 5*t - 27 = 0, -5*t + 28 = s + 2. Let l(j) = 17*j**3 + j - 1. What is l(s)?
17
Let m be (36/2*(-8)/(-24))/1. Let o(n) = 2*n - 16*n**2 + 4*n**2 + m*n**2 + 1. Give o(2).
-19
Let c(m) = -m**2 - 3 - 5*m + 4 + 2. Let w(f) = f**3 - f**2 - 2*f + 2. Let n be w(1). Suppose 2*q + 4*s = -8, 2*s + s - 3 = n. Calculate c(q).
-3
Let t(w) = 53*w**2 - 54*w**2 + 13*w + 6 + 0 - 6. What is t(13)?
0
Suppose 4*q - 768 = x, 4*x - 9 = 7. Let y(d) = 2*d + 193 - q. Give y(2).
4
Let y(x) be the second derivative of x**3/2 + 3*x**2 + x. Let s(l) = -21*l + 1 + l + 6*l + 7*l. Let g be s(1). Give y(g).
-12
Suppose -b + 6 = -4*b. Let n(l) = -6*l**2 - 7*l + 1. Let h(i) = 9*i**2 + 10*i - 1. Let w(x) = 5*h(x) + 7*n(x). What is w(b)?
12
Suppose -11 = d - 2*d. Let t(w) = d*w**2 - 26*w**2 + 14*w**2 + w. Give t(1).
0
Let d(u) be the second derivative of -u**4/12 + u**3/3 - 3*u**2/2 - 2*u. Let j = -2291 + 2297. Determine d(j).
-27
Let a(i) = 7*i - 8. Let s(n) = -12*n - 80. Let l be s(-7). Calculate a(l).
20
Let m be 3/(-9) + (-28)/6. Let v(r) = 11*r - 5. Let i(s) = 65*s - 30. Let d(t) = 6*i(t) - 35*v(t). Let g(k) = 2*k - 3. Let q(y) = m*g(y) + 3*d(y). Give q(-1).
-5
Let p(c) = c**3 - 11*c**2 + 18*c - 2. Let g(d) = -d**2 + 4*d + 1. Let j(f) = 3*g(f) - p(f). What is j(7)?
12
Let o(s) = -13*s**2 + 9*s. Suppose 2*d - 5*f + 10 = 0, 3*d - 6*f + 15 = -4*f. Let q(w) = -12*w**2 + 8*w. Let p(i) = d*o(i) + 6*q(i). Calculate p(2).
-22
Let s(p) = p**2 + 11*p + 20. Let j be s(-9). Suppose -2*m - 8 = 2*t, j*t + 4*m = -2 - 2. Let c = -14 - t. Let w(b) = b**2 + 8*b + 1. What is w(c)?
1
Let q(c) = 0*c**2 - 2*c**2 + 3*c**2 + 0*c**2. Let y be -1 + (-9 - 3)/4. Let a be 0*y/8 - 0. Give q(a).
0
Suppose -7*g + 4*g - u = 5, -3*u = -3*g - 9. Let y(x) = 11*x + 3. What is y(g)?
-19
Let c(u) = 2*u + 6. Suppose 3*v - 6 = 0, 5*t - 9 = -v + 3. Let p be 3/(-3)*t*2. Calculate c(p).
-2
Let p(h) be the third derivative of -h**6/24 - 7*h**5/60 + h**4/24 - h**3/6 + 14*h**2. Let d(w) = -w**3 - w**2 - w. Let m(u) = 4*d(u) - p(u). Determine m(-4).
5
Let a(y) be the first derivative of -y**3 + 2. Let o be (-1 + 5)*(-64)/(-128). Give a(o).
-12
Let g(k) be the second derivative of -19*k**5/20 - k**4/12 + k**3/3 - k**2/2 + 62*k. Calculate g(1).
-19
Suppose -5*v = -13*v - 24. Let t(k) = -k**3 - 5*k**2 - k. Calculate t(v).
-15
Suppose p - 3 = 3*j + 8, 5*p = 2*j + 16. Let w be 9/12 - 39/(-12). Suppose -3*r + 9 = -p*k - 2, -3*r = w*k + 13. Let u(x) = -7*x - 1. What is u(r)?
-8
Let c(n) = -n**3 - 7*n**2 + 7*n - 4. Let t be (-6)/(-4)*(-32)/6. Calculate c(t).
4
Let b(h) = h**3 + 4*h**2 - 3*h + 5. Suppose 2*l - 12 = -2*l. Suppose 3*z - l = 12. Suppose 15 = -z*m - 5, t = 2*m + 3. What is b(t)?
-5
Let l be 2847/15210 + 8/(-52). Let a(s) be the third derivative of l*s**5 + 0*s + 1/6*s**3 - 1/24*s**4 - 5*s**2 + 0. What is a(1)?
2
Suppose -2*t - 29 = 3*b + 2*t, 5*t + 25 = -3*b. Let d be 3*10/b - (-3 - 0). Let o(x) = 5*x**3 - x**2. What is o(d)?
4
Let p(u) be the third derivative of -u**5/60 - 11*u**4/24 - u**2 - 13*u. Give p(-11).
0
Let j(v) = 2*v**3 - 2*v + 1. Let w be (1/(-7))/(19/(-133)). Calculate j(w).
1
Suppose -6*z - 20 = -50. Let x(m) = m**3 + 2 - 3*m**2 + 5 + 0*m**2 - 8*m + 0*m**2. Determine x(z).
17
Let m = -51 + 46. Let j(b) = 4*b + 3. Let i(z) = -3*z - 2. Let f(g) = m*i(g) - 4*j(g). Calculate f(-6).
4
Let k(a) = -a**3 + 6*a**2 - a + 7. Let c(i) = -i + 10. Let r be c(7). Suppose -2*l = 4*h - 26, 0 = -r*h - 6*l + 2*l + 22. What is k(h)?
1
Let s(t) = -7*t - 5*t - 1 + 0*t - 4*t + 17*t. Let i = -1 - 1. Give s(i).
-3
Let s(p) = 0*p**